, 223, 331, 857
List the prime factors of 2647940700.
2, 3, 5, 19, 29, 83, 193
List the prime factors of 1025746834.
2, 7, 73267631
List the prime factors of 55737191.
55737191
List the prime factors of 161958249.
3, 23, 137, 5711
What are the prime factors of 26129433?
3, 11, 791801
What are the prime factors of 1617442102?
2, 197, 4105183
List the prime factors of 4186429.
13, 251, 1283
What are the prime factors of 298148053?
7, 61, 698239
What are the prime factors of 7987724888?
2, 11, 13, 577, 12101
List the prime factors of 129288567.
3, 2141, 20129
List the prime factors of 34793399.
34793399
What are the prime factors of 926717091?
3, 308905697
What are the prime factors of 1542745460?
2, 5, 77137273
What are the prime factors of 285254390?
2, 5, 17, 1009, 1663
List the prime factors of 207836034.
2, 3, 7, 293, 16889
List the prime factors of 9130059304.
2, 17, 89, 754301
What are the prime factors of 3525790777?
41, 79, 1088543
What are the prime factors of 1632604536?
2, 3, 22675063
List the prime factors of 433155096.
2, 3, 11, 71, 7703
List the prime factors of 12574434.
2, 3, 59, 35521
List the prime factors of 1766178729.
3, 7, 1987, 4703
List the prime factors of 13491201.
3, 139, 32353
What are the prime factors of 408778179?
3, 19, 367, 19541
What are the prime factors of 443794514?
2, 19, 769, 15187
List the prime factors of 716383936.
2, 37, 283, 1069
List the prime factors of 31189804.
2, 7797451
List the prime factors of 3165145306.
2, 17, 41, 2270549
What are the prime factors of 1143676121?
7, 751, 31079
What are the prime factors of 37304846?
2, 29, 643187
What are the prime factors of 4367553153?
3, 1973, 737887
What are the prime factors of 189388180?
2, 5, 9469409
What are the prime factors of 39387388?
2, 37, 41, 6491
What are the prime factors of 32200615?
5, 661, 9743
List the prime factors of 1966171497.
3, 31, 21141629
What are the prime factors of 1441766944?
2, 45055217
List the prime factors of 667328359.
667328359
What are the prime factors of 327337914?
2, 3, 103, 529673
List the prime factors of 365393323.
365393323
List the prime factors of 14684509.
7, 2097787
List the prime factors of 1784041691.
29, 37, 1662667
List the prime factors of 2485852187.
7, 13, 27317057
List the prime factors of 2331854523.
3, 3251, 79697
What are the prime factors of 101961167?
7, 11, 1324171
List the prime factors of 2508589409.
31, 541, 149579
What are the prime factors of 156421356?
2, 3, 7, 13, 143243
What are the prime factors of 5093961?
3, 1697987
What are the prime factors of 31907381?
11, 829, 3499
List the prime factors of 152246054.
2, 76123027
What are the prime factors of 29047182?
2, 3, 4841197
List the prime factors of 223618941.
3, 7, 13, 7001
List the prime factors of 418637236.
2, 9127, 11467
List the prime factors of 277385507.
7, 113, 350677
List the prime factors of 42578092.
2, 10644523
What are the prime factors of 38475947?
17, 433, 5227
What are the prime factors of 1376991509?
1376991509
What are the prime factors of 4141805341?
17903, 231347
What are the prime factors of 56840782?
2, 1693, 16787
What are the prime factors of 7515208357?
61, 83, 1061, 1399
List the prime factors of 3683331887.
19, 193859573
List the prime factors of 726856900.
2, 5, 7, 11, 94397
What are the prime factors of 678079406?
2, 339039703
List the prime factors of 137323992.
2, 3, 13, 33857
What are the prime factors of 4138412?
2, 17, 60859
List the prime factors of 49658046.
2, 3, 8276341
List the prime factors of 551786107.
11783, 46829
What are the prime factors of 316157073?
3, 107, 984913
List the prime factors of 848478053.
103, 211, 39041
List the prime factors of 416450196.
2, 3, 109, 106129
What are the prime factors of 172187017?
293, 587669
What are the prime factors of 592037624?
2, 59, 1254317
What are the prime factors of 359264616?
2, 3, 19, 47, 16763
What are the prime factors of 2642682276?
2, 3, 13, 5646757
What are the prime factors of 3771904161?
3, 59, 21310193
List the prime factors of 66358589.
11, 43, 239, 587
List the prime factors of 870269600.
2, 5, 37, 29401
What are the prime factors of 703634337?
3, 7, 29, 128377
What are the prime factors of 170182515?
3, 5, 11345501
What are the prime factors of 2951007752?
2, 7, 11, 29, 23599
List the prime factors of 44666275.
5, 181, 9871
What are the prime factors of 134211533?
367, 365699
What are the prime factors of 439555937?
19, 23134523
What are the prime factors of 69441356?
2, 4001, 4339
List the prime factors of 303521112.
2, 3, 47, 257, 349
What are the prime factors of 11569696?
2, 31, 107, 109
What are the prime factors of 2485014291?
3, 199, 1387501
What are the prime factors of 91784500?
2, 5, 183569
List the prime factors of 1082515096.
2, 13, 10408799
What are the prime factors of 1961744890?
2, 5, 7, 463, 8647
What are the prime factors of 1770773451?
3, 590257817
What are the prime factors of 223499730?
2, 3, 5, 61, 122131
What are the prime factors of 3011128246?
2, 7, 19, 11320031
What are the prime factors of 111362331?
3, 37120777
What are the prime factors of 769823089?
7, 109974727
What are the prime factors of 499454884?
2, 223, 263, 2129
What are the prime factors of 96045501?
3, 443, 72269
What are the prime factors of 36938390?
2, 5, 3693839
What are the prime factors of 304446303?
3, 7, 61, 26407
What are the prime factors of 112331747?
11, 23, 443999
List the prime factors of 201335083.
179, 443, 2539
List the prime factors of 1433204641.
11, 53, 2458327
List the prime factors of 120944344.
2, 15118043
What are the prime factors of 8334602923?
109, 223, 342889
List the prime factors of 97297197.
3, 32432399
What are the prime factors of 56051894?
2, 28025947
List the prime factors of 100893455.
5, 13, 1552207
What are the prime factors of 339347348?
2, 3389, 25033
What are the prime factors of 420371958?
2, 3, 70061993
List the prime factors of 2386847.
181, 13187
List the prime factors of 3630138049.
83, 43736603
List the prime factors of 1168252239.
3, 7, 11, 5057369
What are the prime factors of 565516646?
2, 19, 29, 513173
List the prime factors of 1642373703.
3, 157, 293, 3967
What are the prime factors of 42604007?
42604007
What are the prime factors of 127561255?
5, 25512251
List the prime factors of 2264558148.
2, 3, 29, 241013
What are the prime factors of 113276981?
113276981
List the prime factors of 2630231339.
97, 2857, 9491
What are the prime factors of 37624504?
2, 23, 204481
What are the prime factors of 53626797?
3, 7, 19, 71, 631
List the prime factors of 373384222.
2, 29, 43, 149713
List the prime factors of 1284079531.
7, 1511, 121403
What are the prime factors of 22588686?
2, 3, 563, 743
What are the prime factors of 225002929?
31, 367, 19777
What are the prime factors of 18772293?
3, 6257431
What are the prime factors of 417941817?
3, 827, 168457
What are the prime factors of 65568011?
65568011
What are the prime factors of 2555691379?
17, 150334787
List the prime factors of 378308968.
2, 23, 41, 50147
What are the prime factors of 2472291993?
3, 241, 3419491
List the prime factors of 28607203.
31, 922813
What are the prime factors of 1765467673?
61, 5197, 5569
What are the prime factors of 159367175?
5, 11, 579517
What are the prime factors of 46141164?
2, 3, 53, 2687
List the prime factors of 6229051672.
2, 778631459
List the prime factors of 84178940.
2, 5, 4208947
What are the prime factors of 268035700?
2, 5, 2680357
What are the prime factors of 3014699?
3014699
What are the prime factors of 2153641746?
2, 3, 251, 1430041
What are the prime factors of 15592113?
3, 1732457
What are the prime factors of 72426841?
19, 3811939
What are the prime factors of 38119396?
2, 7, 19, 79, 907
List the prime factors of 5199701.
13, 61, 79, 83
List the prime factors of 1913838950.
2, 5, 38276779
What are the prime factors of 384509148?
2, 3, 32042429
List the prime factors of 343837410.
2, 3, 5, 7, 17, 13759
What are the prime factors of 95667992?
2, 7, 109, 2239
What are the prime factors of 47947080?
2, 3, 5, 31, 12889
What are the prime factors of 368351666?
2, 701, 262733
List the prime factors of 943607802.
2, 3, 4597, 34211
What are the prime factors of 39728140?
2, 5, 127, 15641
List the prime fac